ulate the greatest common factor of 97051 and 1302289.
2257
Calculate the highest common factor of 35 and 19726.
7
Calculate the highest common factor of 472011 and 2322.
129
Calculate the highest common divisor of 56644 and 99212.
68
Calculate the greatest common factor of 6412 and 49506136.
916
What is the greatest common divisor of 224150 and 4475?
25
Calculate the highest common factor of 165 and 3763870.
55
Calculate the greatest common factor of 1607940 and 2340.
180
Calculate the highest common divisor of 3759 and 8644447.
1253
Calculate the highest common factor of 110 and 217676590.
10
Calculate the greatest common factor of 19 and 173356247.
19
Calculate the greatest common factor of 3590977 and 1274.
13
Calculate the highest common divisor of 115584 and 43.
43
Calculate the highest common divisor of 1296173 and 1477.
211
What is the greatest common divisor of 819499850 and 130?
130
Calculate the greatest common factor of 404 and 133173449.
101
What is the greatest common divisor of 8896986 and 756?
378
Calculate the greatest common divisor of 1640034 and 3267.
3267
Calculate the greatest common factor of 133013664 and 3402.
1134
Calculate the greatest common factor of 6011874 and 93786.
1914
What is the greatest common divisor of 766 and 15822496?
766
What is the highest common divisor of 74134884 and 36?
12
What is the greatest common factor of 102968 and 5968346?
422
Calculate the greatest common divisor of 936489 and 6723.
249
What is the highest common factor of 366 and 6664982?
122
Calculate the greatest common factor of 549 and 24203763.
549
Calculate the highest common factor of 665000 and 3152480.
760
Calculate the greatest common divisor of 63 and 2671920.
9
Calculate the greatest common factor of 40 and 61589570.
10
What is the greatest common divisor of 12208 and 26301373?
763
What is the highest common factor of 499293588 and 474?
474
Calculate the greatest common divisor of 2444436 and 324.
36
Calculate the greatest common factor of 675 and 43857153.
27
Calculate the greatest common divisor of 5963195563 and 13.
13
Calculate the highest common factor of 24663089 and 159580.
7979
What is the greatest common factor of 1506 and 14248266?
1506
What is the highest common factor of 708 and 20410224?
708
Calculate the greatest common factor of 1376445 and 420.
105
Calculate the greatest common divisor of 904979 and 32916.
211
What is the greatest common factor of 101 and 124331?
101
Calculate the greatest common factor of 2696 and 166476989.
337
What is the greatest common divisor of 100090922 and 1532?
766
Calculate the greatest common divisor of 52535705 and 536.
67
Calculate the greatest common divisor of 153 and 46528002.
9
Calculate the greatest common factor of 72 and 311242024.
8
Calculate the highest common factor of 1139 and 246908.
17
Calculate the highest common divisor of 735 and 154474215.
735
What is the greatest common factor of 292 and 4173848?
292
Calculate the greatest common factor of 147 and 3309117.
147
What is the greatest common factor of 10575 and 123778965?
705
Calculate the greatest common divisor of 4750 and 217550.
950
What is the greatest common divisor of 1827 and 19964151?
261
What is the greatest common divisor of 72160 and 16263511?
451
Calculate the highest common divisor of 1578366 and 1350.
54
What is the highest common divisor of 108204 and 805140?
852
What is the greatest common divisor of 1001415 and 424806?
303
What is the highest common divisor of 86485947 and 4254?
2127
Calculate the highest common factor of 5184 and 2405808.
432
What is the greatest common factor of 5863574 and 2296?
82
Calculate the highest common divisor of 133 and 470573.
19
Calculate the highest common factor of 41901917 and 16.
1
What is the greatest common factor of 2697 and 65608028?
31
What is the greatest common divisor of 5714927386 and 14?
14
What is the highest common factor of 8938002 and 30?
6
What is the greatest common factor of 342 and 6052792?
38
Calculate the highest common factor of 15680 and 6286896.
784
Calculate the highest common factor of 70 and 295942780.
70
What is the highest common factor of 27 and 4798821?
3
Calculate the highest common factor of 2204 and 61968500.
76
Calculate the highest common factor of 86070 and 12318.
6
Calculate the highest common divisor of 327751691 and 25821.
2869
What is the greatest common divisor of 17728382 and 238?
238
What is the highest common factor of 1710973 and 30629?
109
What is the greatest common divisor of 24886961 and 11?
11
Calculate the greatest common factor of 14020 and 2482760.
20
What is the greatest common divisor of 27711 and 96777?
9
What is the greatest common divisor of 14546252 and 1652?
28
What is the highest common divisor of 13328 and 2423197?
833
What is the highest common divisor of 44169 and 801?
3
Calculate the greatest common divisor of 9270 and 139256.
206
Calculate the greatest common divisor of 112 and 766208.
16
Calculate the greatest common factor of 4960 and 642072.
248
What is the greatest common divisor of 212629709 and 597?
199
Calculate the highest common factor of 1222816 and 138754.
742
Calculate the greatest common factor of 55831220 and 880.
20
What is the highest common factor of 52 and 747066164?
52
Calculate the greatest common divisor of 13910 and 1575468.
214
Calculate the greatest common divisor of 85613 and 37369079.
1991
What is the highest common divisor of 2 and 8611819?
1
Calculate the highest common divisor of 578 and 22904610.
34
Calculate the highest common divisor of 25082375 and 825.
25
What is the greatest common divisor of 9484 and 16155994?
4742
Calculate the highest common divisor of 3783584 and 1729.
133
Calculate the highest common divisor of 4122316 and 6308.
76
Calculate the highest common factor of 18577894 and 12194.
134
Calculate the greatest common factor of 562243 and 437107.
869
What is the highest common factor of 13496 and 21763?
7
What is the greatest common factor of 147054338 and 5157?
191
Calculate the highest common factor of 391177501 and 11.
11
Calculate the greatest common divisor of 80 and 409730180.
20
What is the greatest common divisor of 25 and 161583125?
25
What is the greatest common divisor of 58901424 and 94560?
9456
What is the highest common factor of 10383455 and 1025?
205
Calculate the highest common divisor of 330978692 and 563.
563
Calculate the greatest common factor of 299344 and 327328.
848
What is the greatest common factor of 165 and 1077600?
15
Calculate the highest common divisor of 4324 and 2121934.
46
What is the greatest common divisor of 285 and 53107755?
285
What is the greatest common divisor of 75073794 and 138?
138
What is the greatest common divisor of 8644936 and 8904?
424
Calculate the highest common factor of 880 and 179299120.
880
Calculate the greatest common factor of 429 and 1013793.
33
Calculate the highest common factor of 28782650 and 25.
25
What is the highest common factor of 4542 and 576145887?
2271
What is the greatest common divisor of 338538 and 23154?
102
What is the greatest common divisor of 56657815 and 5?
5
What is the greatest common factor of 143 and 2350582?
13
Calculate the greatest common factor of 81614240 and 1440.
160
Calculate the greatest common factor of 1071 and 94275132.
357
Calculate the greatest common factor of 10294834 and 2433.
811
Calculate the greatest common divisor of 127566 and 460282.
746
What is the highest common divisor of 1486096 and 68?
4
What is the highest common divisor of 587488 and 89056?
352
Calculate the highest common factor of 43656000 and 576.
192
Calculate the greatest common divisor of 632380 and 32620.
140
Calculate the highest common divisor of 42827 and 1197461.
113
Calculate the highest common factor of 783108 and 92988.
324
What is the highest common divisor of 30873 and 1165644?
753
Calculate the greatest common factor of 843436 and 29348.
1276
What is the greatest common divisor of 74694540 and 120?
60
Calculate the greatest common factor of 425 and 110234630.
85
Calculate the highest common divisor of 3988 and 9545278.
1994
What is the highest common factor of 152 and 15998152?
152
Calculate the greatest common factor of 136 and 82793638.
34
Calculate the highest common 